{"id":940,"date":"2024-04-02T11:56:40","date_gmt":"2024-04-02T09:56:40","guid":{"rendered":"https:\/\/leii.no\/innhold\/?page_id=940"},"modified":"2026-02-26T14:14:18","modified_gmt":"2026-02-26T13:14:18","slug":"hent-app","status":"publish","type":"page","link":"https:\/\/leii.no\/innhold\/hent-app\/","title":{"rendered":"Tilbyr du tjenster p\u00e5 Leii?"},"content":{"rendered":"\n<p>Last ned appen v\u00e5r for enkel h\u00e5ndtering av oppdrag<\/p>\n\n\n\n<div class=\"wp-block-buttons is-content-justification-center is-layout-flex wp-container-core-buttons-is-layout-a89b3969 wp-block-buttons-is-layout-flex\">\n<div class=\"wp-block-button\"><a class=\"wp-block-button__link wp-element-button\" href=\"https:\/\/apps.apple.com\/no\/app\/leii\/id1617282965\" target=\"_blank\" rel=\"noreferrer noopener\">App Store<\/a><\/div>\n\n\n\n<div class=\"wp-block-button\"><a class=\"wp-block-button__link wp-element-button\" href=\"https:\/\/play.google.com\/store\/apps\/details?id=no.leii.app&amp;pli=1\" target=\"_blank\" rel=\"noreferrer noopener\">Google Play<\/a><\/div>\n<\/div>\n\n\n\n<p><\/p>\n\n\n\n<p>Fant du ikke ut av det? <a href=\"https:\/\/leii.no\/innhold\/kontakt-oss\/\">Kontakt oss<\/a>.<\/p>\n\n\n\n<div style=\"height:40px\" aria-hidden=\"true\" class=\"wp-block-spacer\"><\/div>\n\n\n\n<p><\/p>\n","protected":false},"excerpt":{"rendered":"<p>Last ned appen v\u00e5r for enkel h\u00e5ndtering av oppdrag Fant du ikke ut av det? Kontakt oss.<\/p>\n","protected":false},"author":4,"featured_media":0,"parent":0,"menu_order":0,"comment_status":"closed","ping_status":"closed","template":"","meta":{"content-type":"","_monsterinsights_skip_tracking":false,"_monsterinsights_sitenote_active":false,"_monsterinsights_sitenote_note":"","_monsterinsights_sitenote_category":0,"footnotes":""},"class_list":["post-940","page","type-page","status-publish","hentry"],"yoast_head":"<!-- This site is optimized with the Yoast SEO Premium plugin v25.8 (Yoast SEO v27.3) - https:\/\/yoast.com\/product\/yoast-seo-premium-wordpress\/ -->\n<title>Tilbyr du tjenster p\u00e5 Leii?<\/title>\n<meta name=\"description\" content=\"Last ned appen v\u00e5r for enkel h\u00e5ndtering av oppdrag   App Store  Google Play     Fant du ikke ut av det? Kontakt oss.\" \/>\n<meta name=\"robots\" content=\"index, follow, max-snippet:-1, max-image-preview:large, max-video-preview:-1\" \/>\n<link rel=\"canonical\" href=\"https:\/\/leii.no\/innhold\/hent-app\/\" \/>\n<meta property=\"og:locale\" content=\"nb_NO\" \/>\n<meta property=\"og:type\" content=\"article\" \/>\n<meta property=\"og:title\" content=\"Tilbyr du tjenster p\u00e5 Leii?\" \/>\n<meta property=\"og:description\" content=\"Last ned appen v\u00e5r for enkel h\u00e5ndtering av oppdrag   App Store  Google Play     Fant du ikke ut av det? Kontakt oss.\" \/>\n<meta property=\"og:url\" content=\"https:\/\/leii.no\/innhold\/hent-app\/\" \/>\n<meta property=\"article:modified_time\" content=\"2026-02-26T13:14:18+00:00\" \/>\n<meta property=\"og:image\" content=\"https:\/\/leii.no\/innhold\/wp-content\/uploads\/2023\/10\/Leii_tjenester_der_du_er.png\" \/>\n\t<meta property=\"og:image:width\" content=\"1200\" \/>\n\t<meta property=\"og:image:height\" content=\"675\" \/>\n\t<meta property=\"og:image:type\" content=\"image\/png\" \/>\n<meta name=\"twitter:card\" content=\"summary_large_image\" \/>\n<meta name=\"twitter:label1\" content=\"Ansl. lesetid\" \/>\n\t<meta name=\"twitter:data1\" content=\"1 minutt\" \/>\n<script type=\"application\/ld+json\" class=\"yoast-schema-graph\">{\"@context\":\"https:\\\/\\\/schema.org\",\"@graph\":[{\"@type\":\"WebPage\",\"@id\":\"https:\\\/\\\/leii.no\\\/innhold\\\/hent-app\\\/\",\"url\":\"https:\\\/\\\/leii.no\\\/innhold\\\/hent-app\\\/\",\"name\":\"Tilbyr du tjenster p\u00e5 Leii?\",\"isPartOf\":{\"@id\":\"https:\\\/\\\/leii.no\\\/innhold\\\/#website\"},\"datePublished\":\"2024-04-02T09:56:40+00:00\",\"dateModified\":\"2026-02-26T13:14:18+00:00\",\"description\":\"Last ned appen v\u00e5r for enkel h\u00e5ndtering av oppdrag App Store Google Play Fant du ikke ut av det? Kontakt oss.\",\"breadcrumb\":{\"@id\":\"https:\\\/\\\/leii.no\\\/innhold\\\/hent-app\\\/#breadcrumb\"},\"inLanguage\":\"nb-NO\",\"potentialAction\":[{\"@type\":\"ReadAction\",\"target\":[\"https:\\\/\\\/leii.no\\\/innhold\\\/hent-app\\\/\"]}]},{\"@type\":\"BreadcrumbList\",\"@id\":\"https:\\\/\\\/leii.no\\\/innhold\\\/hent-app\\\/#breadcrumb\",\"itemListElement\":[{\"@type\":\"ListItem\",\"position\":1,\"name\":\"Hjem\",\"item\":\"https:\\\/\\\/leii.no\\\/innhold\\\/\"},{\"@type\":\"ListItem\",\"position\":2,\"name\":\"Tilbyr du tjenster p\u00e5 Leii?\"}]},{\"@type\":\"WebSite\",\"@id\":\"https:\\\/\\\/leii.no\\\/innhold\\\/#website\",\"url\":\"https:\\\/\\\/leii.no\\\/innhold\\\/\",\"name\":\"Leii\",\"description\":\"Tjenester der du er\",\"publisher\":{\"@id\":\"https:\\\/\\\/leii.no\\\/innhold\\\/#organization\"},\"potentialAction\":[{\"@type\":\"SearchAction\",\"target\":{\"@type\":\"EntryPoint\",\"urlTemplate\":\"https:\\\/\\\/leii.no\\\/innhold\\\/?s={search_term_string}\"},\"query-input\":{\"@type\":\"PropertyValueSpecification\",\"valueRequired\":true,\"valueName\":\"search_term_string\"}}],\"inLanguage\":\"nb-NO\"},{\"@type\":\"Organization\",\"@id\":\"https:\\\/\\\/leii.no\\\/innhold\\\/#organization\",\"name\":\"Leii\",\"url\":\"https:\\\/\\\/leii.no\\\/innhold\\\/\",\"logo\":{\"@type\":\"ImageObject\",\"inLanguage\":\"nb-NO\",\"@id\":\"https:\\\/\\\/leii.no\\\/innhold\\\/#\\\/schema\\\/logo\\\/image\\\/\",\"url\":\"https:\\\/\\\/leii.no\\\/innhold\\\/wp-content\\\/uploads\\\/2023\\\/10\\\/Leii_logo_white.png\",\"contentUrl\":\"https:\\\/\\\/leii.no\\\/innhold\\\/wp-content\\\/uploads\\\/2023\\\/10\\\/Leii_logo_white.png\",\"width\":135,\"height\":82,\"caption\":\"Leii\"},\"image\":{\"@id\":\"https:\\\/\\\/leii.no\\\/innhold\\\/#\\\/schema\\\/logo\\\/image\\\/\"}}]}<\/script>\n<!-- \/ Yoast SEO Premium plugin. -->","yoast_head_json":{"title":"Tilbyr du tjenster p\u00e5 Leii?","description":"Last ned appen v\u00e5r for enkel h\u00e5ndtering av oppdrag   App Store  Google Play     Fant du ikke ut av det? Kontakt oss.","robots":{"index":"index","follow":"follow","max-snippet":"max-snippet:-1","max-image-preview":"max-image-preview:large","max-video-preview":"max-video-preview:-1"},"canonical":"https:\/\/leii.no\/innhold\/hent-app\/","og_locale":"nb_NO","og_type":"article","og_title":"Tilbyr du tjenster p\u00e5 Leii?","og_description":"Last ned appen v\u00e5r for enkel h\u00e5ndtering av oppdrag   App Store  Google Play     Fant du ikke ut av det? Kontakt oss.","og_url":"https:\/\/leii.no\/innhold\/hent-app\/","article_modified_time":"2026-02-26T13:14:18+00:00","og_image":[{"width":1200,"height":675,"url":"https:\/\/leii.no\/innhold\/wp-content\/uploads\/2023\/10\/Leii_tjenester_der_du_er.png","type":"image\/png"}],"twitter_card":"summary_large_image","twitter_misc":{"Ansl. lesetid":"1 minutt"},"schema":{"@context":"https:\/\/schema.org","@graph":[{"@type":"WebPage","@id":"https:\/\/leii.no\/innhold\/hent-app\/","url":"https:\/\/leii.no\/innhold\/hent-app\/","name":"Tilbyr du tjenster p\u00e5 Leii?","isPartOf":{"@id":"https:\/\/leii.no\/innhold\/#website"},"datePublished":"2024-04-02T09:56:40+00:00","dateModified":"2026-02-26T13:14:18+00:00","description":"Last ned appen v\u00e5r for enkel h\u00e5ndtering av oppdrag App Store Google Play Fant du ikke ut av det? Kontakt oss.","breadcrumb":{"@id":"https:\/\/leii.no\/innhold\/hent-app\/#breadcrumb"},"inLanguage":"nb-NO","potentialAction":[{"@type":"ReadAction","target":["https:\/\/leii.no\/innhold\/hent-app\/"]}]},{"@type":"BreadcrumbList","@id":"https:\/\/leii.no\/innhold\/hent-app\/#breadcrumb","itemListElement":[{"@type":"ListItem","position":1,"name":"Hjem","item":"https:\/\/leii.no\/innhold\/"},{"@type":"ListItem","position":2,"name":"Tilbyr du tjenster p\u00e5 Leii?"}]},{"@type":"WebSite","@id":"https:\/\/leii.no\/innhold\/#website","url":"https:\/\/leii.no\/innhold\/","name":"Leii","description":"Tjenester der du er","publisher":{"@id":"https:\/\/leii.no\/innhold\/#organization"},"potentialAction":[{"@type":"SearchAction","target":{"@type":"EntryPoint","urlTemplate":"https:\/\/leii.no\/innhold\/?s={search_term_string}"},"query-input":{"@type":"PropertyValueSpecification","valueRequired":true,"valueName":"search_term_string"}}],"inLanguage":"nb-NO"},{"@type":"Organization","@id":"https:\/\/leii.no\/innhold\/#organization","name":"Leii","url":"https:\/\/leii.no\/innhold\/","logo":{"@type":"ImageObject","inLanguage":"nb-NO","@id":"https:\/\/leii.no\/innhold\/#\/schema\/logo\/image\/","url":"https:\/\/leii.no\/innhold\/wp-content\/uploads\/2023\/10\/Leii_logo_white.png","contentUrl":"https:\/\/leii.no\/innhold\/wp-content\/uploads\/2023\/10\/Leii_logo_white.png","width":135,"height":82,"caption":"Leii"},"image":{"@id":"https:\/\/leii.no\/innhold\/#\/schema\/logo\/image\/"}}]}},"_links":{"self":[{"href":"https:\/\/leii.no\/innhold\/wp-json\/wp\/v2\/pages\/940","targetHints":{"allow":["GET"]}}],"collection":[{"href":"https:\/\/leii.no\/innhold\/wp-json\/wp\/v2\/pages"}],"about":[{"href":"https:\/\/leii.no\/innhold\/wp-json\/wp\/v2\/types\/page"}],"author":[{"embeddable":true,"href":"https:\/\/leii.no\/innhold\/wp-json\/wp\/v2\/users\/4"}],"replies":[{"embeddable":true,"href":"https:\/\/leii.no\/innhold\/wp-json\/wp\/v2\/comments?post=940"}],"version-history":[{"count":3,"href":"https:\/\/leii.no\/innhold\/wp-json\/wp\/v2\/pages\/940\/revisions"}],"predecessor-version":[{"id":1341,"href":"https:\/\/leii.no\/innhold\/wp-json\/wp\/v2\/pages\/940\/revisions\/1341"}],"wp:attachment":[{"href":"https:\/\/leii.no\/innhold\/wp-json\/wp\/v2\/media?parent=940"}],"curies":[{"name":"wp","href":"https:\/\/api.w.org\/{rel}","templated":true}]}}